est common factor of o and v?
17
Let h be (-1)/2*680/(-1). Let d = -10 + 6. Let a be ((-2)/5)/(d/h). Calculate the highest common factor of 85 and a.
17
Let h(n) = -3*n**3 - 2*n**2 + 2*n + 4. Let l be h(-2). Let x be l/4 - (-1 - 13). Suppose 126 - x = 2*s. Calculate the greatest common factor of 6 and s.
6
Let n = 179 - 168. Suppose -3*o = -185 + 20. Calculate the greatest common divisor of n and o.
11
Suppose -32*z + 4*z = -420. What is the greatest common factor of 15 and z?
15
Let p = -1292 + 1296. What is the highest common factor of 206 and p?
2
Let y(t) = t**2 + 6*t - 3. Let n be y(7). Let k(c) = c**3 + 4*c**2 - 4*c - 4. Let h be k(-6). Let i = 74 + h. Calculate the highest common divisor of i and n.
22
Let b(z) = 7*z + 16. Let a be b(17). Suppose -96 - a = -7*o. Calculate the highest common divisor of 33 and o.
33
Let y(s) = -36*s**3 + 3*s + 3. Let p be y(-1). What is the highest common factor of p and 864?
36
Suppose 5*t = -x - 104 + 1044, -398 = -2*t + 4*x. What is the greatest common divisor of t and 135?
27
Suppose 3*q + 261 = 2*a, -19*q = -20*q - 3. Calculate the greatest common divisor of 90 and a.
18
Suppose -260 = -44*a + 2600. What is the highest common factor of 169 and a?
13
Suppose 5*d = 26 + 29. Suppose -4*t - x + d = 0, 2*t - 2*x = 3*t - 8. Let h be 1/1*17 - -1. Calculate the greatest common factor of h and t.
2
Let w = -437 + 482. What is the greatest common factor of w and 45?
45
Let v be (2 + 0 + -2 + -1)*3. Let n be (2 + v/2)/(3/36). What is the highest common factor of n and 2?
2
Let b(s) = s**3 - 5*s**2 + 10*s - 11. Let v be b(8). Let f = 26 - -3. Calculate the highest common divisor of v and f.
29
Let o be 3*(-34)/(-4)*178/267. Let l be 2/4*-1*-34. What is the greatest common factor of l and o?
17
Let h = -935 + 1312. What is the greatest common divisor of h and 39?
13
Suppose 2*a - 87 = 2*g - 5, 3*a - 2*g = 118. Calculate the greatest common divisor of a and 117.
9
Suppose 0 = -5*u - 5*f - 25 + 115, -3*u + 4*f + 33 = 0. Calculate the greatest common factor of 45 and u.
15
Let m = 3 + -4. Let v be (-25)/10*(1 + m - 20). Let t(q) = q**2 + 5*q + 5. Let h be t(-5). Calculate the highest common divisor of h and v.
5
Suppose 5*f - 134 = h - 459, -1559 = -5*h + 3*f. Suppose -4*w = 6*w - h. Calculate the greatest common divisor of 31 and w.
31
Suppose 2*k - 40 = -2*k. Let o = -54 - -107. Suppose -6*g + 43 = -2*g + 3*s, 3*s = -5*g + o. What is the highest common divisor of g and k?
10
Let a be (-9)/(-3) + (7 - 6). Suppose -5*q + 3 = -a*q. Suppose -s + 2*i + 20 = 0, -2*s - q*i = -63 + 2. Calculate the highest common factor of s and 208.
26
Let w = 140 - -42. Calculate the greatest common factor of w and 42.
14
Let d be ((-1)/2)/((-202)/40 - -5). What is the greatest common divisor of 1630 and d?
10
Suppose -265 = -2*z + 27. Suppose 5*d - 294 = z. What is the greatest common divisor of 66 and d?
22
Suppose 4*d + 19 = 3. Let o be -28*-2*(-1)/d. Let j = o - -8. Calculate the greatest common factor of 55 and j.
11
Let y be (4/(-8))/((-4)/640). Let d be y/24 + (-2)/6. Let a be 33*((-196)/d)/(-7). What is the greatest common factor of 28 and a?
28
Let t = -30 + 46. Let d be 3 - t/((-3)/3). Calculate the highest common divisor of d and 152.
19
Let g = 133 + -93. Let j be ((-4)/6)/(5/90). Let h be ((-64)/j)/(10/15). Calculate the greatest common divisor of h and g.
8
Let w(r) = 14*r - 58. Let p be w(5). Calculate the highest common divisor of p and 114.
6
Suppose 0 = 3*h - 41 + 8. Suppose -5*j = h - 41. What is the highest common divisor of 30 and j?
6
Let b = -32 - -37. Suppose 72 = 2*a + 5*c, 4*a - b*c = 35 + 109. Calculate the highest common factor of 54 and a.
18
Let h be (-3 + 1)*(4 + 34/(-4)). Suppose -y - 2 = -c, 0 = 2*y - 4*c - c + 10. Let r be 98 - ((-1)/1 + y). Calculate the highest common divisor of h and r.
9
Suppose -12 = -4*d - 2*a, 5 = -d - 5*a - 10. What is the greatest common factor of d and 105?
5
Let b(f) = 11*f + 1. Let u be b(3). Let r(m) = 5*m**2 + m + 1. Let v be r(4). What is the highest common factor of u and v?
17
Let s be (1 - 2)*(4 - 4). Let v be (s - (-1)/2)/((-30)/(-120)). What is the highest common divisor of v and 6?
2
Let o be 4/2 + 24/(1 - -5). What is the highest common factor of 1014 and o?
6
Let q = -131 + 124. Let r(s) = s**2 + s - 33. Let h be r(q). What is the greatest common divisor of 144 and h?
9
Let g(z) = 5*z**2 + z - 5. Let c be g(3). Let k = -31 + c. Calculate the highest common factor of k and 108.
12
Let h(l) = -3*l**2 + 67*l + 30. Let a be h(22). Calculate the highest common divisor of 364 and a.
52
Suppose 34*g - 22*g - 492 = 0. Calculate the greatest common factor of 943 and g.
41
Let k(u) = -23*u**3 - u**2 + u + 1. Let m be k(-1). Let x be 2/8*-355 - 3/(-4). Let d be (-5)/((-10)/x)*(-55)/10. What is the greatest common factor of m and d?
22
Let h = 267 - 261. Calculate the highest common divisor of 54 and h.
6
Suppose -3*b + 124 = b. Let l(n) = 2*n + 5. Let f be l(-4). Let j = f + b. Calculate the greatest common divisor of 42 and j.
14
Let b(x) = x**2 + 3*x + 4. Let s be b(-4). Let z = -21 - -93. What is the greatest common factor of s and z?
8
Suppose -i + 75 - 59 = 0. Let v be (i/24)/(5/((-1365)/(-2))). What is the highest common factor of v and 13?
13
Let j be 5/2 - (-6)/4. Suppose 48 = 8*b - j*b. Calculate the greatest common factor of 60 and b.
12
Let o(v) = -v + 13. Let m be 20/(-8)*64/(-20). Let a be o(m). Suppose 5*s = -5*q + 278 - 58, s = -3*q + 134. Calculate the greatest common divisor of a and q.
5
Let r = 11 + -6. Suppose 0 = 6*v - v - r. Let k be 3*(v - 0) - -46. Calculate the highest common factor of k and 7.
7
Suppose -4*x + 0*x + 3*r + 306 = 0, 0 = 5*x - 2*r - 379. What is the greatest common divisor of 30 and x?
15
Suppose 5*h + 1043 + 227 = 4*m, -5*m = -4*h - 1583. Calculate the greatest common divisor of 175 and m.
35
Let s(c) = -26*c - 108. Let t be s(-5). Calculate the greatest common divisor of t and 594.
22
Let c be (4/(-2) - -6)*6. Let k be (-6)/39 - 1580/(-130). Calculate the highest common factor of k and c.
12
Let m = -482 - -502. Calculate the highest common factor of m and 230.
10
Let w = 850 + -420. What is the highest common divisor of 86 and w?
86
Suppose -3*n - 7 - 2 = 0, 4*n - 24 = -2*p. Let g be 1*(-7 + 1)/((-9)/p). Let l = -26 + 56. What is the highest common factor of g and l?
6
Suppose -w + 48 = 4*l, w = -2*l + 6*l + 48. Calculate the highest common divisor of 264 and w.
24
Suppose -28 = -5*l + l - 4*n, l = 3*n + 23. Let u be 525/6 - 2/(-4). Calculate the highest common divisor of u and l.
11
Suppose 5*k = t - 57, -3*t + 8*t - 237 = k. What is the highest common divisor of 141 and t?
47
Let b(t) = -17*t + 4. Let u be b(-8). Let q(v) = -41*v + 219. Let d be q(5). Calculate the highest common divisor of d and u.
14
Suppose 38 + 22 = 3*h. Let k be (-3)/(-6) - (-3465)/70. Calculate the highest common factor of k and h.
10
Suppose 3*v + 214 = -3*d + 694, 2*v = 2*d + 340. What is the highest common factor of v and 15?
15
Suppose 0 = r - 2*r + 28. Suppose -r = -2*t - 2*t. Suppose -3*n - t = -4*n. What is the highest common divisor of n and 63?
7
Suppose -3*w - 5*x = -5*w + 74, 2*x + 39 = w. Let o(j) = 45*j**2 + 23*j + 7. Let t be o(-2). What is the greatest common factor of t and w?
47
Let i(j) = 4*j + 344. Let d be i(-62). Calculate the highest common divisor of 9 and d.
3
Let r be (-438)/(-18) + 2/3. Calculate the greatest common factor of r and 750.
25
Suppose -104*l - 20 = -106*l. Calculate the greatest common factor of l and 30.
10
Suppose i - o - 227 = -12, 0 = 4*i + 4*o - 820. Calculate the greatest common divisor of 14 and i.
14
Suppose -m + 11 = 7. Suppose 0*g - 8 = -m*g. What is the greatest common divisor of 2 and g?
2
Let a = -15 - -9. Let z be 10/60 + (-11)/a. Suppose 0 = r + 2*p + 1, -z*p - 28 - 18 = -4*r. What is the highest common divisor of r and 3?
3
Let b be (-2)/(-2)*0 + 84. Let i = 85 - 1. Suppose 0 = -11*f + 18*f - i. What is the greatest common factor of f and b?
12
Let a be (-9)/(-4)*616/(-21)*-2. What is the highest common divisor of a and 36?
12
Let r = 481 - 217. What is the greatest common divisor of 72 and r?
24
Let z(v) = 36*v + 374. Let l be z(-10). What is the highest common divisor of 742 and l?
14
Let k(j) = 2